 26373761?
26373761
List the prime factors of 209889925.
5, 7, 1199371
List the prime factors of 138049889.
29, 127, 37483
List the prime factors of 27362663.
23, 43, 73, 379
What are the prime factors of 6204801158?
2, 19, 1063, 153607
What are the prime factors of 1177470517?
1177470517
List the prime factors of 1873687730.
2, 5, 2087, 89779
List the prime factors of 174479994.
2, 3, 13, 6373
What are the prime factors of 750817182?
2, 3, 457, 273821
List the prime factors of 89243070.
2, 3, 5, 7, 424967
What are the prime factors of 78499790?
2, 5, 2767, 2837
List the prime factors of 62378538.
2, 3, 1291, 8053
List the prime factors of 44998397.
97, 523, 887
What are the prime factors of 5501574920?
2, 5, 29, 73, 64969
What are the prime factors of 93726255?
3, 5, 7, 709, 1259
List the prime factors of 1841489582.
2, 25423, 36217
List the prime factors of 39329665.
5, 7865933
What are the prime factors of 2500989386?
2, 7, 61, 2928559
What are the prime factors of 827242666?
2, 607, 681419
What are the prime factors of 3997507517?
17, 443, 530807
List the prime factors of 92407721.
7, 23, 89, 6449
What are the prime factors of 29088246?
2, 3, 11, 440731
List the prime factors of 110272616.
2, 29, 41, 11593
List the prime factors of 995852529.
3, 7, 19, 173, 229
List the prime factors of 23819731.
13, 419, 4373
What are the prime factors of 2119078578?
2, 3, 37, 9545399
What are the prime factors of 76469249?
8669, 8821
What are the prime factors of 74250595?
5, 293, 50683
List the prime factors of 4073986300.
2, 5, 179, 227597
What are the prime factors of 1162812418?
2, 31, 181, 103619
What are the prime factors of 693012977?
23, 30130999
What are the prime factors of 162202153?
162202153
List the prime factors of 3377384058.
2, 3, 229, 463, 5309
What are the prime factors of 4235094?
2, 3, 37, 6359
What are the prime factors of 260516170?
2, 5, 23, 1132679
What are the prime factors of 59006740?
2, 5, 13, 127, 1787
What are the prime factors of 33888607?
157, 215851
List the prime factors of 1066398001.
53, 20120717
List the prime factors of 27052501.
7, 3864643
List the prime factors of 1406173377.
3, 7, 17, 73, 79, 683
What are the prime factors of 175334977?
31, 73, 77479
What are the prime factors of 50698498?
2, 19, 67, 19913
What are the prime factors of 4360511848?
2, 7, 11, 643523
What are the prime factors of 97585786?
2, 19, 1277, 2011
What are the prime factors of 2859233?
13, 219941
List the prime factors of 57964599.
3, 7, 11, 569
List the prime factors of 71286225.
3, 5, 950483
List the prime factors of 1830250324.
2, 7, 7043, 9281
What are the prime factors of 22351209?
3, 17, 438259
List the prime factors of 90382996.
2, 11, 2054159
List the prime factors of 137371153.
137371153
List the prime factors of 3111078953.
3111078953
List the prime factors of 16430860.
2, 5, 811, 1013
List the prime factors of 108165703.
59, 1833317
List the prime factors of 167964521.
97, 1731593
What are the prime factors of 12772311?
3, 53, 80329
List the prime factors of 7586705177.
16069, 472133
What are the prime factors of 20141770?
2, 5, 11, 17, 10771
What are the prime factors of 463949479?
7, 1283, 51659
What are the prime factors of 1976087652?
2, 3, 7, 11, 2138623
What are the prime factors of 4909471363?
4909471363
List the prime factors of 2081790.
2, 3, 5, 23131
What are the prime factors of 134354?
2, 11, 31, 197
List the prime factors of 276068042.
2, 73, 1890877
List the prime factors of 614650900.
2, 5, 673, 9133
What are the prime factors of 185778179?
185778179
List the prime factors of 119257751.
367, 324953
List the prime factors of 119063367.
3, 19, 149, 4673
List the prime factors of 38212733.
13, 211, 13931
List the prime factors of 2117458819.
7, 19, 419, 37997
List the prime factors of 150881805.
3, 5, 31, 1163
List the prime factors of 52681961.
97, 543113
List the prime factors of 1534685737.
13, 271, 435619
What are the prime factors of 40775025?
3, 5, 107, 5081
List the prime factors of 26148088.
2, 223, 14657
List the prime factors of 360578455.
5, 1123, 64217
List the prime factors of 322208245.
5, 43, 137, 10939
What are the prime factors of 36381598?
2, 11, 17, 89, 1093
What are the prime factors of 1565066253?
3, 1619, 322229
List the prime factors of 4391012860.
2, 5, 13, 19, 888869
List the prime factors of 63673885.
5, 11, 73, 15859
List the prime factors of 68024530.
2, 5, 7, 79, 12301
List the prime factors of 1556036800.
2, 5, 61, 107, 149
List the prime factors of 236133166.
2, 118066583
List the prime factors of 103220689.
11, 13, 79, 9137
List the prime factors of 1765543482.
2, 3, 313, 313373
What are the prime factors of 145735986?
2, 3, 11, 239, 9239
List the prime factors of 12477183.
3, 619, 6719
What are the prime factors of 2975354944?
2, 46489921
List the prime factors of 72048975.
3, 5, 17, 56509
What are the prime factors of 4507733429?
73, 61749773
List the prime factors of 12830386.
2, 6415193
List the prime factors of 68099071.
223, 305377
What are the prime factors of 508295001?
3, 169431667
List the prime factors of 1384653441.
3, 127, 3634261
List the prime factors of 1360434222.
2, 3, 7, 23, 469439
What are the prime factors of 53433880?
2, 5, 1335847
List the prime factors of 483774223.
37, 131, 99809
List the prime factors of 849273196.
2, 113, 421, 4463
List the prime factors of 860433975.
3, 5, 61, 20897
What are the prime factors of 3211702822?
2, 14479, 110909
What are the prime factors of 177010399?
947, 186917
List the prime factors of 30819227.
30819227
What are the prime factors of 253438157?
7, 36205451
What are the prime factors of 481560156?
2, 3, 7, 11, 17, 929
List the prime factors of 225467473.
7, 11, 557, 751
What are the prime factors of 41268121?
41268121
List the prime factors of 985662557.
11, 167, 536561
List the prime factors of 594087096.
2, 3, 37, 131, 5107
What are the prime factors of 46022835?
3, 5, 3068189
List the prime factors of 32807973.
3, 11, 994181
What are the prime factors of 250125491?
7, 11, 193, 16831
What are the prime factors of 289080903?
3, 17, 29, 195457
What are the prime factors of 10956808?
2, 211, 6491
What are the prime factors of 66802087?
11, 47, 157, 823
List the prime factors of 768782570.
2, 5, 76878257
What are the prime factors of 279980722?
2, 7, 233, 85831
List the prime factors of 59844060.
2, 3, 5, 332467
List the prime factors of 3473439993.
3, 385937777
List the prime factors of 4971229067.
7, 710175581
List the prime factors of 160429788.
2, 3, 1485461
What are the prime factors of 12783017?
13, 53, 18553
What are the prime factors of 246351310?
2, 5, 499, 49369
List the prime factors of 73371480.
2, 3, 5, 7, 13, 6719
What are the prime factors of 115260795?
3, 5, 13, 73, 2699
What are the prime factors of 60877869?
3, 13, 89, 17539
What are the prime factors of 7428844?
2, 79, 23509
What are the prime factors of 295153968?
2, 3, 6149041
List the prime factors of 10298981.
7, 11, 59, 2267
What are the prime factors of 97564267?
97564267
What are the prime factors of 692319334?
2, 7, 59, 119737
List the prime factors of 2463549984.
2, 3, 7, 37, 101, 109
What are the prime factors of 175865898?
2, 3, 13, 2254691
What are the prime factors of 146385232?
2, 7, 17, 76883
List the prime factors of 2459989241.
2459989241
List the prime factors of 4635213.
3, 11, 23, 31, 197
What are the prime factors of 68541156?
2, 3, 1903921
What are the prime factors of 1554073076?
2, 83, 241, 19423
List the prime factors of 1852333768.
2, 71, 3261151
What are the prime factors of 14381599?
89, 161591
What are the prime factors of 5807410?
2, 5, 7, 82963
List the prime factors of 467136459.
3, 51904051
What are the prime factors of 206095508?
2, 19, 2711783
What are the prime factors of 44984176?
2, 17, 165383
What are the prime factors of 860586072?
2, 3, 35857753
List the prime factors of 459500974.
2, 229750487
What are the prime factors of 581154921?
3, 127, 173, 2939
What are the prime factors of 840632609?
17, 49448977
What are the prime factors of 1581111849?
3, 43, 12256681
List the prime factors of 236885258.
2, 118442629
List the prime factors of 912396932.
2, 228099233
List the prime factors of 446785322.
2, 223392661
List 